{"id":20,"date":"2022-04-13T18:04:50","date_gmt":"2022-04-13T16:04:50","guid":{"rendered":"http:\/\/lapetitemaisonsenlis.fr\/?page_id=20"},"modified":"2022-04-13T19:03:26","modified_gmt":"2022-04-13T17:03:26","slug":"contact","status":"publish","type":"page","link":"https:\/\/lapetitemaisonsenlis.fr\/index.php\/contact\/","title":{"rendered":"Contact"},"content":{"rendered":"\n<p>La petite maison<br>G\u00eete de charme<br>10 avenue du mar\u00e9chal Joffre<br>60300 Senlis<\/p>\n\n\n\n<p>N&rsquo;h\u00e9sitez pas \u00e0 me contacter sur <a rel=\"noreferrer noopener\" href=\"mailto:contact@lapetitemaisonsenlis.fr\" target=\"_blank\">contact@lapetitemaisonsenlis.fr<\/a><\/p>\n","protected":false},"excerpt":{"rendered":"<p>La petite maisonG\u00eete de charme10 avenue du mar\u00e9chal Joffre60300 Senlis N&rsquo;h\u00e9sitez pas \u00e0 me contacter sur contact@lapetitemaisonsenlis.fr<\/p>\n","protected":false},"author":1,"featured_media":69,"parent":0,"menu_order":0,"comment_status":"closed","ping_status":"closed","template":"","meta":{"footnotes":""},"class_list":["post-20","page","type-page","status-publish","has-post-thumbnail","hentry"],"_links":{"self":[{"href":"https:\/\/lapetitemaisonsenlis.fr\/index.php\/wp-json\/wp\/v2\/pages\/20","targetHints":{"allow":["GET"]}}],"collection":[{"href":"https:\/\/lapetitemaisonsenlis.fr\/index.php\/wp-json\/wp\/v2\/pages"}],"about":[{"href":"https:\/\/lapetitemaisonsenlis.fr\/index.php\/wp-json\/wp\/v2\/types\/page"}],"author":[{"embeddable":true,"href":"https:\/\/lapetitemaisonsenlis.fr\/index.php\/wp-json\/wp\/v2\/users\/1"}],"replies":[{"embeddable":true,"href":"https:\/\/lapetitemaisonsenlis.fr\/index.php\/wp-json\/wp\/v2\/comments?post=20"}],"version-history":[{"count":2,"href":"https:\/\/lapetitemaisonsenlis.fr\/index.php\/wp-json\/wp\/v2\/pages\/20\/revisions"}],"predecessor-version":[{"id":90,"href":"https:\/\/lapetitemaisonsenlis.fr\/index.php\/wp-json\/wp\/v2\/pages\/20\/revisions\/90"}],"wp:featuredmedia":[{"embeddable":true,"href":"https:\/\/lapetitemaisonsenlis.fr\/index.php\/wp-json\/wp\/v2\/media\/69"}],"wp:attachment":[{"href":"https:\/\/lapetitemaisonsenlis.fr\/index.php\/wp-json\/wp\/v2\/media?parent=20"}],"curies":[{"name":"wp","href":"https:\/\/api.w.org\/{rel}","templated":true}]}}